?
False
Does 47 divide 134313361?
False
Is 9 a factor of 31819264?
False
Is 100026408 a multiple of 4?
True
Is 118 a factor of 443528644?
False
Is 13222640 a multiple of 197?
True
Is 278 a factor of 1725932?
False
Is 537675876 a multiple of 9?
True
Does 2831 divide 141744?
False
Is 1326805939 a multiple of 5094?
False
Is 90821783 a multiple of 213?
False
Is 35 a factor of 23816660?
True
Does 224 divide 5864718?
False
Is 1328 a factor of 22098792?
False
Does 93 divide 140442581?
False
Is 18 a factor of 167531922?
True
Is 18566272 a multiple of 496?
True
Does 246 divide 39715022?
False
Is 798077614 a multiple of 13?
False
Is 50 a factor of 1560381892?
False
Does 582 divide 1414003920?
True
Does 28 divide 34567780?
False
Is 26642418 a multiple of 254?
False
Does 208 divide 48107151?
False
Does 14 divide 63510916?
True
Is 1990405106 a multiple of 54?
False
Does 37 divide 287381035?
True
Is 1210 a factor of 106942220?
True
Is 97740444 a multiple of 358?
True
Is 318642559 a multiple of 5869?
False
Does 3421 divide 269831375?
True
Does 123 divide 1397487?
False
Is 1199835840 a multiple of 54?
False
Is 21 a factor of 14076783?
True
Is 301 a factor of 495423464?
False
Is 4 a factor of 2167629480?
True
Is 344 a factor of 20970928?
True
Is 170 a factor of 263808720?
True
Is 72 a factor of 1768797072?
True
Does 46 divide 12074741?
False
Is 2454098064 a multiple of 2064?
True
Is 8473063 a multiple of 3230?
False
Is 47499540 a multiple of 1822?
True
Does 565 divide 58651520?
True
Is 19 a factor of 1448140128?
False
Is 13 a factor of 17954175?
False
Is 106 a factor of 1040786618?
False
Is 11 a factor of 270892744?
False
Is 23583978 a multiple of 6?
True
Does 3 divide 157116644?
False
Is 4750753 a multiple of 3?
False
Does 2102 divide 212368827?
False
Is 14827343 a multiple of 13?
False
Is 158283640 a multiple of 8?
True
Does 143 divide 1187767438?
True
Is 1023844285 a multiple of 2878?
False
Does 2009 divide 46804013?
False
Does 282 divide 29875931?
False
Is 146 a factor of 169824645?
False
Is 155 a factor of 65860120?
True
Is 52079670 a multiple of 46?
False
Is 12 a factor of 205878492?
True
Is 1913533579 a multiple of 331?
False
Does 40 divide 114915520?
True
Is 7497 a factor of 1078186248?
False
Is 22127400 a multiple of 90?
True
Does 96 divide 45150912?
True
Does 2327 divide 8708540?
False
Does 97 divide 37284860?
True
Is 7 a factor of 69523699?
True
Is 635 a factor of 669452560?
True
Is 194112102 a multiple of 61?
False
Is 1445 a factor of 3793125?
True
Is 473565009 a multiple of 61?
False
Is 230 a factor of 206455898?
False
Is 57491098 a multiple of 232?
False
Is 115975786 a multiple of 3800?
False
Is 163447149 a multiple of 1999?
False
Is 23436864 a multiple of 64?
True
Does 85 divide 40327254?
False
Does 22 divide 605893184?
False
Is 102827307 a multiple of 11?
True
Does 12 divide 47336865?
False
Is 1638323037 a multiple of 333?
True
Is 244819131 a multiple of 11?
False
Does 16 divide 1026826035?
False
Does 145 divide 3135080525?
True
Is 2033458 a multiple of 2?
True
Does 26 divide 319145096?
False
Does 38 divide 261790352?
False
Is 283726344 a multiple of 6?
True
Is 92239992 a multiple of 642?
True
Is 215 a factor of 147257087?
False
Is 331578208 a multiple of 373?
False
Does 6225 divide 376755675?
True
Is 8 a factor of 38990704?
True
Is 81637749 a multiple of 134?
False
Is 36718802 a multiple of 912?
False
Does 15 divide 60727710?
True
Is 9 a factor of 98024048?
False
Is 2654 a factor of 201640304?
True
Is 126 a factor of 42931847?
False
Is 43964332 a multiple of 1134?
False
Is 7 a factor of 112104643?
True
Is 1177 a factor of 43015266?
False
Is 2543 a factor of 837272578?
True
Is 830703916 a multiple of 14?
True
Is 703061261 a multiple of 122?
False
Does 3335 divide 1186076777?
False
Does 120 divide 169414440?
True
Is 78034290 a multiple of 15?
True
Is 1760 a factor of 121206180?
False
Is 348847696 a multiple of 16?
True
Is 5 a factor of 74721835?
True
Is 2698932409 a multiple of 3908?
False
Does 11 divide 23442428?
False
Does 26 divide 16827096?
True
Is 110299241 a multiple of 929?
True
Is 1560706575 a multiple of 13?
False
Is 8 a factor of 3091152?
True
Is 7 a factor of 66435537?
True
Is 3875326488 a multiple of 38?
True
Is 90 a factor of 107545050?
True
Is 29 a factor of 5209883?
False
Is 95264749 a multiple of 64?
False
Does 85 divide 31515705?
True
Is 3121 a factor of 333653626?
True
Is 347859971 a multiple of 7?
False
Does 268 divide 81121791?
False
Is 111136253 a multiple of 83?
True
Is 31 a factor of 835107?
False
Is 477447630 a multiple of 6?
True
Does 91 divide 10658076?
False
Does 2591 divide 10555734?
True
Is 37 a factor of 1710602478?
False
Does 200 divide 485199000?
True
Is 350 a factor of 6364750?
True
Is 378440454 a multiple of 14?
True
Does 3470 divide 433337070?
True
Is 63 a factor of 1077932646?
True
Is 240361822 a multiple of 741?
False
Does 154 divide 714428946?
True
Is 8 a factor of 246859144?
True
Is 6 a factor of 21459306?
True
Is 5858 a factor of 3072906719?
False
Is 57 a factor of 3857588?
False
Does 263 divide 633830?
True
Does 3255 divide 130060035?
True
Does 135 divide 11946025?
False
Does 220 divide 338291845?
False
Is 49071792 a multiple of 2057?
True
Does 5007 divide 2351359539?
False
Is 15 a factor of 13105245?
True
Does 180 divide 33363720?
True
Is 25 a factor of 10141200?
True
Does 1516 divide 284791212?
True
Does 545 divide 79959428?
False
Does 28 divide 433392988?
True
Is 1586 a factor of 120525842?
False
Is 30 a factor of 49275810?
True
Does 897 divide 103769006?
False
Is 7 a factor of 20526116?
False
Does 8 divide 267440273?
False
Is 100 a factor of 25912600?
True
Does 30 divide 486528933?
False
Is 728 a factor of 59418632?
True
Does 628 divide 684417123?
False
Is 24 a factor of 22439974?
False
Is 34036980 a multiple of 76?
True
Is 4689406 a multiple of 4?
False
Is 27 a factor of 498661385?
False
Is 22765961 a multiple of 1128?
False
Is 1116 a factor of 560194933?
False
Is 19 a factor of 858564369?
False
Does 492 divide 3302304?
True
Does 147 divide 12936707?
False
Is 110360707 a multiple of 70?
False
Is 11 a factor of 79457213?
True
Is 1133520211 a multiple of 10?
False
Does 270 divide 12388693?
False
Does 3107 divide 33886585?
False
Does 706 divide 1635719398?
True
Does 218 divide 39785000?
True
Does 41 divide 524412920?
False
Is 1867557192 a multiple of 4157?
True
Does 96 divide 5842864305?
False
Does 829 divide 383090188?
False
Is 3888 a factor of 1349971920?
True
Does 36 divide 2380465?
False
Does 2221 divide 183683660?
False
Is 97 a factor of 972026880?
False
Does 293 divide 52249540?
False
Is 16 a factor of 66674133?
False
Is 217650770 a multiple of 1854?
False
Is 104 a factor of 1182318488?
True
Is 22 a factor of 87467243?
False
Is 161 a factor of 385595?
True
Does 2798 divide 15794181?
False
Does 9 divide 165398724?
True
Is 10134120 a multiple of 755?
False
Is 10177732 a multiple of 857?
True
Does 9 divide 9498276?
True
Does 562 divide 179660160?
True
Is 615543264 a multiple of 16?
True
Is 171529865 a multiple of 1703?
False
Is 185806740 a multiple of 6?
True
Is 15 a factor of 4075208?
False
Is 43 a factor of 3515382?
False
Is 3284590695 a multiple of 40?
False
Is 8 a factor of 1010323288?
True
Is 457841280 a multiple of 1326?
True
Is 166 a factor of 18734096?
True
Is 73 a factor of 61893965?
False
Is 14 a factor of 1218768035?
False
Is 617 a factor of 31701460?
True
Is 37503268 a multiple of 4140?
False
Is 1726250774 a multiple of 1174?
True
Does 333 divide 114578640?
True
Does 3 divide 3668248?
False
Does 2785 divide 3395611250?
True
Does 1948 divide 146437004?
True
Is 404 a factor of 50674816?
False
Does 271 divide 145386893?
True
Does 63 divide 431219911?
False
Is 54184227 a multiple of 24?
False
Does 799 divide 150855195?
True
Does 227 divide 160826776?
True
Is 326 a factor of 39602154?
True
Does 2397 divide 352988101?
False
Does 3 divide 888379?
False
Does 356 divide 5645499?
False
Is 1141 a factor of 24370239?
False
Is 3573 a factor of 114607748?
False
Is 2062 a factor of 798544554?
True
Is 618 a factor of 168582984?
True
Is 1560843268 a multiple of 142?
True
Does 2855 divide 45305995?
True
Is 178 a factor of 147287702?
True
Does 4 divide 249818732?
True
Does 31 divide 6843560?
True
Is 29